{"id":44339,"date":"2026-03-11T13:13:09","date_gmt":"2026-03-11T12:13:09","guid":{"rendered":"https:\/\/fisimmo.lu\/?post_type=property&#038;p=44339"},"modified":"2026-03-16T15:42:33","modified_gmt":"2026-03-16T14:42:33","slug":"appartement-2-chambres-a-belvaux","status":"publish","type":"property","link":"https:\/\/fisimmo.lu\/?property=appartement-2-chambres-a-belvaux","title":{"rendered":"Appartement 2 chambres \u00e0 Belvaux"},"content":{"rendered":"\n<p>\u00c0 Vendre \u2013 Bel appartement de 78 m\u00b2 au 1er \u00e9tage dans une r\u00e9sidence de 6 unit\u00e9s.<\/p>\n\n\n\n<p>FIS Immobili\u00e8re vous pr\u00e9sente en exclusivit\u00e9 ce charmant appartement lumineux de 78 m\u00b2, situ\u00e9 au 1er \u00e9tage dans une r\u00e9sidence calme de 6 appartements seulement.<\/p>\n\n\n\n<p>Caract\u00e9ristiques du bien:<\/p>\n\n\n\n<p>&#8211; 2 chambres \u00e0 coucher confortables<br>&#8211; 1 salle de bains<br>&#8211; Cuisine s\u00e9par\u00e9e, avec acc\u00e8s direct \u00e0 un petit balcon<br>&#8211; Living spacieux et lumineux<br>&#8211; Cave privative<br>&#8211; Garage ferm\u00e9 + emplacements ext\u00e9rieurs devant la r\u00e9sidence<br>&#8211; Petit jardin \u00e0 l\u2019arri\u00e8re, id\u00e9al pour profiter des beaux jours<\/p>\n\n\n\n<p>R\u00e9novations &amp; am\u00e9liorations r\u00e9centes:<\/p>\n\n\n\n<p>&#8211; Portes et fen\u00eatres remplac\u00e9es (installations r\u00e9centes)<br>&#8211; Chauffage neuf, garantissant confort et efficacit\u00e9 \u00e9nerg\u00e9tique<\/p>\n\n\n\n<p>Points forts:<\/p>\n\n\n\n<p>&#8211; R\u00e9sidence calme et bien entretenue<br>&#8211; Appartement lumineux et agr\u00e9able \u00e0 vivre<br>&#8211; Petite copropri\u00e9t\u00e9 de 6 unit\u00e9s<br>&#8211; Proche des commodit\u00e9s, transports et \u00e9coles<br>&#8211; Id\u00e9al pour un couple, une petite famille ou un investissement locatif<\/p>\n\n\n\n<p>Int\u00e9ress\u00e9 ?<\/p>\n\n\n\n<p>Contactez FIS Immobili\u00e8re pour organiser une visite ou obtenir davantage d\u2019informations au 621278925.<br>Nous serons ravis de vous accompagner dans votre projet immobilier.<\/p>\n","protected":false},"excerpt":{"rendered":"<p>\u00c0 Vendre \u2013 Bel appartement de 78 m\u00b2 au 1er \u00e9tage dans une r\u00e9sidence de 6 unit\u00e9s. FIS Immobili\u00e8re vous pr\u00e9sente en exclusivit\u00e9 ce charmant appartement lumineux de 78 m\u00b2, situ\u00e9 au 1er \u00e9tage dans une r\u00e9sidence calme de 6 appartements seulement. Caract\u00e9ristiques du bien: &#8211; 2 chambres \u00e0 coucher confortables&#8211; 1 salle de bains&#8211; [&hellip;]<\/p>\n","protected":false},"author":1,"featured_media":44345,"parent":0,"menu_order":0,"template":"","property_type":[13],"property_status":[19],"property_feature":[],"property_label":[],"property_country":[397],"property_state":[],"property_city":[407],"property_area":[53],"class_list":["post-44339","property","type-property","status-publish","has-post-thumbnail","hentry","property_type-appartement","property_status-vente","property_country-luxembourg","property_city-belvaux","property_area-sud"],"aioseo_notices":[],"property_meta":{"_edit_lock":["1774456116:1"],"_thumbnail_id":["44345"],"_edit_last":["1"],"fave_property_price":["546000"],"fave_show_price_placeholder":["0"],"fave_property_size":["78"],"fave_property_size_prefix":["m\u00b2"],"fave_property_bedrooms":["2"],"fave_property_bathrooms":["1"],"fave_property_garage":["1"],"fave_property_year":["1970"],"fave_property_map":["0"],"fave_property_location":["49.527013,6.036487,15"],"houzez_geolocation_lat":["49.527013"],"houzez_geolocation_long":["6.036487"],"fave_property_map_street_view":["hide"],"fave_property_address":["7, rue Pierre Krier"],"fave_property_zip":["4406"],"fave_featured":["1"],"houzez_featured_listing_date":["2026-03-11 13:13:18"],"fave_loggedintoview":["0"],"fave_agent_display_option":["none"],"fave_prop_homeslider":["no"],"fave_single_top_area":["global"],"fave_single_content_area":["global"],"_aioseo_title":[null],"_aioseo_description":[null],"_aioseo_keywords":["a:0:{}"],"_aioseo_og_title":[""],"_aioseo_og_description":[""],"_aioseo_og_article_section":[""],"_aioseo_og_article_tags":["a:0:{}"],"_aioseo_twitter_title":[""],"_aioseo_twitter_description":[""],"_monsterinsights_sitenote_active":["0"],"om_disable_all_campaigns":[""],"houzez_manual_expire":["0"],"_houzez_expiration_date_status":["saved"],"houzez_total_property_views":["149"],"houzez_views_by_date":["a:52:{s:10:\"03-11-2026\";i:7;s:10:\"03-12-2026\";i:4;s:10:\"03-13-2026\";i:3;s:10:\"03-14-2026\";i:2;s:10:\"03-15-2026\";i:1;s:10:\"03-16-2026\";i:5;s:10:\"03-17-2026\";i:2;s:10:\"03-18-2026\";i:5;s:10:\"03-19-2026\";i:3;s:10:\"03-20-2026\";i:2;s:10:\"03-21-2026\";i:2;s:10:\"03-22-2026\";i:5;s:10:\"03-23-2026\";i:5;s:10:\"03-24-2026\";i:3;s:10:\"03-25-2026\";i:2;s:10:\"03-26-2026\";i:3;s:10:\"03-27-2026\";i:3;s:10:\"03-28-2026\";i:3;s:10:\"03-29-2026\";i:7;s:10:\"03-30-2026\";i:1;s:10:\"03-31-2026\";i:2;s:10:\"04-01-2026\";i:5;s:10:\"04-02-2026\";i:2;s:10:\"04-03-2026\";i:3;s:10:\"04-04-2026\";i:1;s:10:\"04-05-2026\";i:2;s:10:\"04-06-2026\";i:1;s:10:\"04-07-2026\";i:1;s:10:\"04-08-2026\";i:5;s:10:\"04-09-2026\";i:3;s:10:\"04-10-2026\";i:2;s:10:\"04-11-2026\";i:3;s:10:\"04-12-2026\";i:3;s:10:\"04-13-2026\";i:1;s:10:\"04-14-2026\";i:4;s:10:\"04-15-2026\";i:1;s:10:\"04-16-2026\";i:5;s:10:\"04-17-2026\";i:1;s:10:\"04-18-2026\";i:3;s:10:\"04-19-2026\";i:1;s:10:\"04-20-2026\";i:2;s:10:\"04-21-2026\";i:1;s:10:\"04-22-2026\";i:4;s:10:\"04-23-2026\";i:1;s:10:\"04-24-2026\";i:3;s:10:\"04-25-2026\";i:2;s:10:\"04-26-2026\";i:2;s:10:\"04-27-2026\";i:5;s:10:\"04-28-2026\";i:3;s:10:\"04-29-2026\";i:7;s:10:\"04-30-2026\";i:1;s:10:\"05-01-2026\";i:1;}"],"houzez_recently_viewed":["2026-05-01 08:58:15"],"fave_property_images":["44344","44345","44343","44347","44350","44351","44346","44340","44341","44348","44356","44357"],"_elementor_page_assets":["a:0:{}"]},"jetpack_sharing_enabled":true,"_links":{"self":[{"href":"https:\/\/fisimmo.lu\/index.php?rest_route=\/wp\/v2\/properties\/44339","targetHints":{"allow":["GET"]}}],"collection":[{"href":"https:\/\/fisimmo.lu\/index.php?rest_route=\/wp\/v2\/properties"}],"about":[{"href":"https:\/\/fisimmo.lu\/index.php?rest_route=\/wp\/v2\/types\/property"}],"author":[{"embeddable":true,"href":"https:\/\/fisimmo.lu\/index.php?rest_route=\/wp\/v2\/users\/1"}],"version-history":[{"count":1,"href":"https:\/\/fisimmo.lu\/index.php?rest_route=\/wp\/v2\/properties\/44339\/revisions"}],"predecessor-version":[{"id":44352,"href":"https:\/\/fisimmo.lu\/index.php?rest_route=\/wp\/v2\/properties\/44339\/revisions\/44352"}],"wp:featuredmedia":[{"embeddable":true,"href":"https:\/\/fisimmo.lu\/index.php?rest_route=\/wp\/v2\/media\/44345"}],"wp:attachment":[{"href":"https:\/\/fisimmo.lu\/index.php?rest_route=%2Fwp%2Fv2%2Fmedia&parent=44339"}],"wp:term":[{"taxonomy":"property_type","embeddable":true,"href":"https:\/\/fisimmo.lu\/index.php?rest_route=%2Fwp%2Fv2%2Fproperty_type&post=44339"},{"taxonomy":"property_status","embeddable":true,"href":"https:\/\/fisimmo.lu\/index.php?rest_route=%2Fwp%2Fv2%2Fproperty_status&post=44339"},{"taxonomy":"property_feature","embeddable":true,"href":"https:\/\/fisimmo.lu\/index.php?rest_route=%2Fwp%2Fv2%2Fproperty_feature&post=44339"},{"taxonomy":"property_label","embeddable":true,"href":"https:\/\/fisimmo.lu\/index.php?rest_route=%2Fwp%2Fv2%2Fproperty_label&post=44339"},{"taxonomy":"property_country","embeddable":true,"href":"https:\/\/fisimmo.lu\/index.php?rest_route=%2Fwp%2Fv2%2Fproperty_country&post=44339"},{"taxonomy":"property_state","embeddable":true,"href":"https:\/\/fisimmo.lu\/index.php?rest_route=%2Fwp%2Fv2%2Fproperty_state&post=44339"},{"taxonomy":"property_city","embeddable":true,"href":"https:\/\/fisimmo.lu\/index.php?rest_route=%2Fwp%2Fv2%2Fproperty_city&post=44339"},{"taxonomy":"property_area","embeddable":true,"href":"https:\/\/fisimmo.lu\/index.php?rest_route=%2Fwp%2Fv2%2Fproperty_area&post=44339"}],"curies":[{"name":"wp","href":"https:\/\/api.w.org\/{rel}","templated":true}]}}

Appartement 2 chambres à Belvaux

<p>À Vendre – Bel appartement de 78 m² au 1er étage dans une résidence de 6 unités.</p>



<p>FIS Immobilière vous présente en exclusivité ce charmant appartement lumineux de 78 m², situé au 1er étage dans une résidence calme de 6 appartements seulement.</p>



<p>Caractéristiques du bien:</p>



<p>&#8211; 2 chambres à coucher confortables<br>&#8211; 1 salle de bains<br>&#8211; Cuisine séparée, avec accès direct à un petit balcon<br>&#8211; Living spacieux et lumineux<br>&#8211; Cave privative<br>&#8211; Garage fermé + emplacements extérieurs devant la résidence<br>&#8211; Petit jardin à l’arrière, idéal pour profiter des beaux jours</p>



<p>Rénovations &amp; améliorations récentes:</p>



<p>&#8211; Portes et fenêtres remplacées (installations récentes)<br>&#8211; Chauffage neuf, garantissant confort et efficacité énergétique</p>



<p>Points forts:</p>



<p>&#8211; Résidence calme et bien entretenue<br>&#8211; Appartement lumineux et agréable à vivre<br>&#8211; Petite copropriété de 6 unités<br>&#8211; Proche des commodités, transports et écoles<br>&#8211; Idéal pour un couple, une petite famille ou un investissement locatif</p>



<p>Intéressé ?</p>



<p>Contactez FIS Immobilière pour organiser une visite ou obtenir davantage d’informations au 621278925.<br>Nous serons ravis de vous accompagner dans votre projet immobilier.</p>

<p>À Vendre – Bel appartement de 78 m² au 1er étage dans une résidence de 6 unités. FIS Immobilière vous présente en exclusivité ce charmant appartement lumineux de 78 m², situé au 1er étage dans une résidence calme de 6 appartements seulement. Caractéristiques du bien: &#8211; 2 chambres à coucher confortables&#8211; 1 salle de bains&#8211; [&hellip;]</p>
